30*y. List the prime factors of y.
5, 9547
Suppose -4*h + 112734 = 2*b, 16*h - 14*h = 2*b + 56370. List the prime factors of h.
2, 13, 271
Suppose -103833 = -b + 6*b - 14*b. List the prime factors of b.
83, 139
Let s(f) = f**2 - 5*f - 8. Let c be s(7). Suppose 4 = 5*g - c, 2*g + 1250 = 3*n. What are the prime factors of n?
2, 11, 19
Let z(x) be the third derivative of 25*x**4/12 - 15*x**3 + 4*x**2 + 12. What are the prime factors of z(10)?
2, 5, 41
Let b = -13 + 60. Let p = b - 46. Suppose -16 + p = -i. What are the prime factors of i?
3, 5
Let s = -490 - -1060. Suppose 2*w - 2*f - s = 0, -5*w + 817 = 5*f - 568. List the prime factors of w.
281
Let n(x) = 18*x**2 + 846*x + 46. List the prime factors of n(-54).
2, 5, 137
Let j = 25213 - 14689. Suppose -6876 = -24*k + j. What are the prime factors of k?
5, 29
Suppose 5*r - 9 = 16, -5*r = 5*s - 45. Suppose -s*b + 4 = -4*w, 4*b + 5*w = b + 27. What are the prime factors of 4 + 78 - b/1?
2, 3, 13
Suppose -17*n - 32 = -21*n. Let x be (18/(-12))/((-3)/n). List the prime factors of x*3/4 + 7.
2, 5
Let y(q) = 9*q + q + 12*q - 2*q. Let i be y(1). What are the prime factors of 2610/25 - 8/i?
2, 13
Let l(d) = d**3 + 4*d**2 + 7*d - 1. Let g be l(-5). Let f = -61 - g. Suppose f = 93*p - 94*p + 218. List the prime factors of p.
2, 109
Let o(z) = -z**3 + 3*z**2 + 3. Let k be o(3). Suppose -5*p + 3*n + 45 = 0, -n - 2*n + k = 3*p. What are the prime factors of 17/(63/165 + p/(-33))?
5, 17
Let p be -5014*1*(-2 - 9/(-6)). Suppose 2*m - 2*w + 6*w = 998, 5*m - 2*w - p = 0. Let i = m + -352. List the prime factors of i.
149
Let g(m) = m**2 + 6*m - 38. Let n be g(4). List the prime factors of (n/2)/(2/880).
2, 5, 11
Suppose -3*z = -5*a + 2*a - 132, a = 3*z - 134. Suppose 2 = 125*c - 8 + 260. List the prime factors of 3630/z + c/(-6).
3
Suppose 363*b = 19573623 + 6197199. List the prime factors of b.
2, 7, 11, 461
Let b(i) = 23*i + 1399. List the prime factors of b(-8).
3, 5
Let f be 0 - 4 - -7 - (-1 + 1). Suppose -3*p = 2*s - 119, 20 = p + f*p. List the prime factors of (s/(-6) - -4)/((-1)/9).
2, 3, 7
Suppose 47*z - 44*z = -12183. What are the prime factors of (-30)/300 - z/10?
2, 7, 29
Suppose 22*v - 10*v = 36. List the prime factors of v*(-2)/18*1*-21.
7
Let r(x) = -6 + 2*x**2 - 99 - 11 + 6*x - 5. What are the prime factors of r(-14)?
11, 17
Let p = -8351 + 15338. What are the prime factors of p?
3, 17, 137
Let b(j) be the second derivative of j**4/6 - j**3/6 - 5*j**2 - 7*j. Let q be b(-5). Suppose -q = -3*d + 45. List the prime factors of d.
2, 3, 5
Let u(m) be the third derivative of m**4/4 + 11*m**3/2 - m**2. Let w = 6117 + -6112. What are the prime factors of u(w)?
3, 7
Let t = 14 + -18. Let v be (-13)/t + -1 - (-3)/4. Suppose -n + 46 = w + n, -83 = -v*w + 5*n. What are the prime factors of w?
2, 3
Let v = -192 + 345. Let p = 55 + -36. Suppose 4*d + 5*h = 533, d = -2*h + v - p. What are the prime factors of d?
2, 3, 11
Suppose -14 = -f + 97. Suppose -110*b - 370 = -f*b. What are the prime factors of b?
2, 5, 37
Let u = -8666 + 12360. What are the prime factors of u?
2, 1847
Let p(q) = q**3 - 57*q**2 - 515*q - 100. What are the prime factors of p(74)?
2, 3, 3049
List the prime factors of (51139/77 + 6)*7.
4691
Let b(v) = 54*v**2 + 176*v + 2046. List the prime factors of b(-14).
2, 13, 17, 23
Suppose -14*q - 3 = -4*c - 17*q, -2*q = 6. Suppose -10*p + 12*p = -c*d + 993, p - 3*d = 510. What are the prime factors of p?
3, 167
Suppose 2*n = -4*m + 22734, 95*n - 5 = 96*n. What are the prime factors of m?
2, 2843
Suppose 2*n - 12 = -3*d, 2*n - 12 = -2*d - 4. Suppose 0 = -d*u + 20, 3*b - 668 = -0*u - u. List the prime factors of b.
13, 17
Let x be (-12 - -4)/(-8)*-11. Let p(n) be the third derivative of -5*n**4/12 - 8*n**3/3 - 2*n**2. What are the prime factors of p(x)?
2, 47
Suppose 14*k - 25416 = 44108. Suppose 0 = -x - 12*x + k. List the prime factors of x.
2, 191
Suppose -1048017 = -4*s - 55*s. List the prime factors of s.
3, 31, 191
Let d(s) be the first derivative of -s**4/4 - 2*s**3 + 2*s**2 - 8*s - 16. Let p be (-12)/((-3)/(-6) - -1). What are the prime factors of d(p)?
2, 11
Suppose -8 = -x + 8. Let f be (-20)/x*(-8 - -4). Suppose 3*c = 4*o - 29, -3*c = 14 - f. What are the prime factors of o?
5
Let g(y) = -16*y + 15. Suppose -20 + 6 = -7*s. Suppose -7 = j - s. What are the prime factors of g(j)?
5, 19
Let s(x) = -2*x - 5. Let r be s(2). Let f be (-656)/(-369) - (11/r + 1). Suppose 5*n + 158 = f*u, 2*n = 3*u - 2*u - 80. List the prime factors of u.
2, 3, 7
Suppose 167149 = 81*n - 36*n - 117431. What are the prime factors of n?
2, 3, 17, 31
Let d(f) = 2*f**2 + 15*f - 25. Let q be d(-9). Suppose -q*h + 1081 + 110 = -3*c, 5*c = -5*h + 3015. List the prime factors of h.
2, 3, 5
List the prime factors of 32020 + ((-6)/4)/((-520)/32 + 17).
2, 7, 2287
Suppose 26*c - 6*c = -340. Let l(a) be the second derivative of a**3/6 + 13*a**2 + 2*a. List the prime factors of l(c).
3
Let k(a) = 307*a - 1894. What are the prime factors of k(12)?
2, 5, 179
Suppose -3*m + 22 + 3 = -o, 3*m = 3*o + 27. Suppose m*f + 2*f = -2900. Let h = -129 - f. List the prime factors of h.
7, 23
Let j = -164 - -179. Suppose -7*z - j = -2*z, -z = p - 524. List the prime factors of p.
17, 31
Suppose -252*b + 3950 = 2*r - 248*b, -b = 4*r - 7865. What are the prime factors of r?
3, 5, 131
Suppose -157*t - 19671 = -160*t. List the prime factors of t.
79, 83
Suppose 57534 = 2*m + y, 4*m - 115076 = -11*y + 7*y. What are the prime factors of m?
5, 11, 523
Let y = -4873 - -17227. List the prime factors of y.
2, 3, 29, 71
Let i(r) = 174*r + 1221. Let b be i(-7). Let g = 40 - 4. List the prime factors of -24*((-8)/g)/(1/b).
2
Suppose -3*m - 14507 = 5*f, -m = m - f + 9680. List the prime factors of (-24)/(-60) - m/15.
17, 19
Suppose 2*p = -0*p - 8. Let o(r) = 7*r**2 - 20 - 28*r**2 + 2*r + 12*r**2 - 9*r + 10*r**2. List the prime factors of o(p).
2, 3
Suppose -28195 - 168708 = -23*d. What are the prime factors of d?
7, 1223
Let y(q) = 27 + 55*q**2 - 12*q - 54*q**2 + 11*q. What are the prime factors of y(8)?
83
Suppose -5*h - 2816 = -2*m, -5*m + 2248 = -4*h - m. Let f = -168 - h. List the prime factors of f.
2, 3, 11
Suppose 58 = -2*f + 2*d - 108, -f - 3*d - 71 = 0. Let a = 92 + f. Suppose n - 832 = -a*n. List the prime factors of n.
2
Let h(x) = 18*x**2 + 10*x**2 + 24 - 6*x - 23*x**2. What are the prime factors of h(3)?
3, 17
Let q(p) = 4*p**3 + 2*p**2 - p - 1. Suppose -5*j - 3*s = -17, -3*s - s = -j + 8. Suppose -x - 2*x = 5*g - 6, -g - 8 = -j*x. What are the prime factors of q(x)?
37
What are the prime factors of (-2308)/(-3) - (-32)/48?
2, 5, 7, 11
Let v(a) = -5*a**3 - 7*a**2 - 56*a - 9. List the prime factors of v(-7).
3, 5, 13
Let a(z) be the third derivative of 7*z**4/24 - 29*z**3/6 + 33*z**2. Let h be a(4). List the prime factors of (3/(-2) - h) + (-5193)/(-18).
2, 3
Let m(q) = 25*q**2 - 202*q - 26. What are the prime factors of m(-12)?
2, 2999
Let v = -1723 + 9947. List the prime factors of v.
2, 257
Let b(y) be the second derivative of -7*y**3/2 - 19*y**2/2 + 9*y. Let m(l) = 4*l + 4. Let i(f) = 2*b(f) + 11*m(f). List the prime factors of i(-2).
2
Suppose -4*q = -j + 17207 - 151745, j - 6 = 0. List the prime factors of q.
2, 3, 2803
Let j be (-2 + -199)*(-3)/(11 - 2). Let m = j + -62. What are the prime factors of m/20 - (-3 - 523/4)?
2, 67
Let c be ((-150624)/(-240))/((-4)/(-10)). Suppose -2*l + 739 + c = 0. What are the prime factors of l?
2, 577
List the prime factors of (((-2861595)/90)/3)/(0 - 1/2).
11, 41, 47
Suppose 182 - 162 = 5*i, 0 = -b - 4*i + 5247. List the prime factors of b.
5231
Suppose q - 90 = 10*q. Let b be (124/q)/(54/(-675)). Let n = -70 + b. List the prime factors of n.
5, 17
Suppose -219*x = -218*x - 1776. List the prime factors of x.
2, 3, 37
Let z(v) = 37*v + 2. Let r = 40 + -39. Suppose b = r + 3. What are the prime factors of z(b)?
2, 3, 5
Let o be (-8)/6 + 517920/45. Suppose -23*a - o = -35*a. What are the prime factors of a?
7, 137
Let w be 6/14 + (-5 - 6285/(-35)). Let h = w - -142. Let v = 467 - h. List the prime factors of v.
2, 3, 5
List the prime factors of (8 - (-1000660)/160) + 2/(-16).
2, 31, 101
Suppose 155*l - 929762 + 124847 = 0. List the prime factors of l.
3, 577
Let q(n) = -3*n**3 + 7*n**2 + n. Let l be q(3). 